
Let i = 59 - 1. List the prime factors of i.
2, 29
Let b(g) = g**2 - 2*g + 1. Let l be b(-3). Let w be 39/18 - 3/18. Suppose w*v - l = 10. What are the prime factors of v?
13
Let l(y) = y - 1. Let o(d) = -d**2 - 2*d + 2. Let t(q) = -5*l(q) + o(q). Let b(h) = h + 1. Let a be b(-6). List the prime factors of t(a).
17
Suppose -4*r + 20 = 0, -f + 0*r + 33 = -3*r. Suppose 0 = -n - v + 1, 10*n - 9 = 5*n - v. Suppose -s = n*s - f. What are the prime factors of s?
2
Let j = -116 - -212. What are the prime factors of j?
2, 3
Suppose 2 = 2*q - 4. Suppose q*t - t = 12. List the prime factors of t.
2, 3
Let g = 164 + -80. Suppose 2*h = -h + g. What are the prime factors of h?
2, 7
Let h be (-6)/((1 + -2)*1). Let f = h + -4. List the prime factors of f.
2
Let p = 81 + -51. Let t be p/(-18) + 2/(-6). What are the prime factors of (1 - 12 - t)*-1?
3
Let c(s) = 4*s**2 - 7*s - 3. What are the prime factors of c(-4)?
89
Let v = -236 + 331. Suppose -5*f = -v + 25. List the prime factors of f.
2, 7
List the prime factors of 2 + 0 - (-1 + -53).
2, 7
Suppose r + 6 = 3*r. Let s = 5 - r. Suppose 4*h = 3*h + s. What are the prime factors of h?
2
Suppose 2*y - 17 = -3. Let p = y + 6. What are the prime factors of p?
13
Let g(w) = 2*w**2 - 4*w - 3. List the prime factors of g(-7).
3, 41
Let d(b) = b**2 - 5*b - 12. Let k be d(10). Suppose k + 14 = 2*z. List the prime factors of z.
2, 13
Let v = 2 - 14. Let l = 21 + v. What are the prime factors of l?
3
Suppose -4*w = 3*l + 2*l - 855, 408 = 2*w - 4*l. What are the prime factors of w?
2, 3, 5, 7
Suppose -5*v - 679 = -1749. Suppose 5*p = 3*l - 116, -5*l - 5*p = -3*p - v. What are the prime factors of (l/(-12))/(2/(-8))?
2, 7
Suppose -c - 18 = -3*p, p + 6*c - 6 = 2*c. Suppose -3*r + 9 + p = 0. Suppose -o = -5*z + 45, -r*z - o = o - 45. List the prime factors of z.
3
Let j(o) = o**3 - 5*o**2 + 6*o - 3. Let t be j(4). Suppose 0*c = -t*c - 5. Let i = 10 - c. List the prime factors of i.
11
Let i(x) = 31*x - 10. List the prime factors of i(3).
83
Suppose -4*x = -x. Suppose x = -0*b + b - 5*a, -a = 0. Suppose -r + n - 3 + 8 = b, -r + 5*n + 5 = 0. What are the prime factors of r?
5
Suppose p + 6*p = 287. What are the prime factors of p?
41
List the prime factors of 2 + 4 + (-92)/(-1).
2, 7
Let f(w) = 20*w + 5. List the prime factors of f(5).
3, 5, 7
Let j be (-2 - -3)/((-4)/(-12)). Suppose -10 = j*g + 5*z - 41, z = 2*g + 1. Suppose n + 11 = g*w, 0*w + 5*w - 29 = 4*n. What are the prime factors of w?
5
Suppose -i + 132 = i. What are the prime factors of i?
2, 3, 11
Let x(n) = -1 - 14*n + 3 + 23*n. List the prime factors of x(6).
2, 7
Suppose -6*h + 1425 = -o - 3*h, -7225 = 5*o + 5*h. List the prime factors of 6/(-33) - o/55.
2, 13
Let l(f) = 2*f**2 + 2. Let h be l(2). Suppose 0*r - 2*r - 5*q = -20, -r + h = -4*q. What are the prime factors of r?
2, 5
Suppose -6 + 9 = r. Suppose 5*p = 5*j + 170, -5*j + 4*j = r. What are the prime factors of p?
31
Let q = 3 + 15. Suppose -2*o = 4*n - q, -4*n + 9*n + o - 24 = 0. Suppose 1 = -2*y - n*a, -3*a + 6*a + 9 = 0. What are the prime factors of y?
7
Let l(i) be the third derivative of -i**4/24 + 5*i**3/3 + 5*i**2. Let j be 4/(-6) + (-34)/(-6). List the prime factors of l(j).
5
Let t = -5 - -7. Let s be (0 - t)*(1 - 3). Suppose -23 - 5 = -s*h. What are the prime factors of h?
7
Suppose -3 = -f + 3. Suppose f*y - 36 = 2*y. List the prime factors of y.
3
Let i(n) = n + 4. Let j be i(0). Suppose -j*t - t - 90 = 0. List the prime factors of 28/(-6)*t/7.
2, 3
Let c = 65 - 130. What are the prime factors of (3 + -1)*c/(-10)?
13
Let x be 0*((-25)/(-10) + -3). Let o(n) be the third derivative of n**6/120 + 7*n**3/6 + 2*n**2. List the prime factors of o(x).
7
Let m(k) = 2*k + k**3 - k + 4*k + 6 + 5*k**2. Let w be m(-4). Suppose -5*c + 77 - w = 0. List the prime factors of c.
3, 5
Let u be 5 + 0 + 0/(-2). Suppose 0 = -m - u*i + 22 - 7, -2*i + 4 = 0. Suppose m = x - 2. List the prime factors of x.
7
Let i be 16/6*12/8. Suppose -5*p - 18 = -2*h - i*p, -2*h - 2*p = -12. What are the prime factors of h?
2
Suppose -3 = -l + 2. Suppose 0*d - d - 48 = -3*m, 0 = 4*m - 2*d - 62. Suppose l*y - 3 = m. What are the prime factors of y?
2
Let f = 271 + -135. Let l = -95 + f. List the prime factors of l.
41
Suppose -m = 5*s - 18, 0 = -2*s + 2*m - 3 + 15. Let i = 2 + 0. Suppose 4*q = s*c + 2*q - 80, 0 = -i*c - q + 44. What are the prime factors of c?
3, 7
Suppose -92 = -2*h - 2*h + 2*s, -2*s = 0. Let n = h + -13. What are the prime factors of 2/10 + 28/n?
3
Let p(j) = 12*j**2 + j - 1. List the prime factors of p(2).
7
Let u be (2 - -20)/(-6 + 8). List the prime factors of 110/u*(-2)/(-1).
2, 5
Suppose 2 = 2*p - 42. Suppose m - p = -m. List the prime factors of m.
11
Suppose -18*b + 16*b = -532. What are the prime factors of b?
2, 7, 19
Suppose 5*z - z = -144. Let d = -22 - z. List the prime factors of d.
2, 7
Let n = -289 - -433. Suppose -3*x + n = x - 5*k, 0 = -2*x + 5*k + 72. Suppose 6*a - 3*a - x = 0. List the prime factors of a.
2, 3
Let q = -119 - -301. What are the prime factors of q?
2, 7, 13
Suppose 6*l + 5*k - 845 = l, 3*k + 313 = 2*l. What are the prime factors of l?
2, 41
Let p = -7 + 12. Suppose -42 = p*g - 272. List the prime factors of g.
2, 23
Suppose 4*j + 0*j - 140 = 0. What are the prime factors of j?
5, 7
Let r = -742 + 1080. What are the prime factors of r?
2, 13
Let p = 9 + -9. Let n = 1 + 1. Suppose -n*f - 5*z - 19 = p, 2*f - z + 4 = 5*f. What are the prime factors of f?
3
Let h(k) = -k - 5. Let t be h(7). Let v be (t/10)/(4/20). Let a = v - -10. List the prime factors of a.
2
Suppose -4*u + 12 + 52 = -5*z, 5*z = -5*u + 80. What are the prime factors of u?
2
Let x(k) = k**2 - 11*k. Let l be x(10). List the prime factors of -1 + 3 - l/2.
7
Let r(w) = w**2 - 10*w + 39. What are the prime factors of r(17)?
2, 79
Let p = 7 - 2. Suppose -20 = -p*n, -3*i - 2*i - 2*n = 127. List the prime factors of (1/3)/((-3)/i).
3
Let t(q) be the third derivative of q**4/24 + 7*q**3/6 - 3*q**2. Let v be t(-5). What are the prime factors of v + 1 - (-1)/1?
2
Suppose -4*x - 3*l + 511 = 0, 4*x - l - 4*l = 535. What are the prime factors of x?
2, 5, 13
Let w = 36 - -277. What are the prime factors of w?
313
Let z be -2 + (-1)/1 + 23. Let f = -12 + z. What are the prime factors of f?
2
Suppose -g = g + 4, -x - 4*g - 6 = 0. What are the prime factors of (-2 + 1)*x + 28?
2, 13
What are the prime factors of 89 - 6/(3/1)?
3, 29
Let f be 791/21 + (-1)/(-3). What are the prime factors of -4*f*4/(-32)?
19
Let l = 0 + 2. Suppose -10 = -2*n + l. What are the prime factors of n?
2, 3
Suppose b + 4*b - 10 = 0. Suppose 0 = -b*y + f + 22, 2*y + 2*f = 5 + 5. List the prime factors of y.
3
Let u(f) be the second derivative of -f**5/20 + f**4/2 + f**3/3 - 7*f**2/2 + 4*f. What are the prime factors of u(5)?
2, 7
Let c = -36 - -44. What are the prime factors of c?
2
Let o(s) = -s**3 - 8*s**2 - s - 9. Let h be o(-7). List the prime factors of h/3*(1 - 2).
17
Suppose a + z - 1174 = -2*a, -3*z - 388 = -a. List the prime factors of a.
17, 23
Suppose 3 - 1 = t. Suppose -f = -t*m - 0*f + 9, -2*m - 16 = 4*f. List the prime factors of 102/15 + m/10.
7
List the prime factors of (-12)/(-18) + (-21)/(-9).
3
Suppose -10 - 50 = -5*r. Suppose 4 + r = 4*f. Suppose 0 = f*z + z - 60. What are the prime factors of z?
2, 3
Suppose 2*g = -4*f + 144, 3*g + 2 - 8 = 0. What are the prime factors of f?
5, 7
Let u(x) = -9*x - 10. Suppose -23 + 11 = 4*q. List the prime factors of u(q).
17
Suppose 0*p + 138 = 4*a + 2*p, p + 1 = 0. What are the prime factors of a?
5, 7
Suppose -171*o + 84 = -169*o. List the prime factors of o.
2, 3, 7
Let y(f) be the second derivative of -4*f**3/3 - 5*f**2/2 - 5*f. List the prime factors of y(-3).
19
Suppose -o = 4*z + 91, 0*z = -3*z - o - 69. Let v = 29 + z. List the prime factors of v.
7
Let k(v) = 2*v**2 - 7*v + 5. Let f be k(4). Let q = f - 7. List the prime factors of q.
2
Let a be (10*-1)/((-3)/6). Suppose 0 = -2*w + z + z - 10, 4*z - a = w. Let q(p) = -p + 16. What are the prime factors of q(w)?
2
Let t(v) = 12 - 7 - v - 1 + 7. Let h be t(5). Suppose -3*r - 17 = -2*i, -i - h = -2*i - r. What are the prime factors of i?
7
Let h = -78 - -131. List the prime factors of h.
53
Suppose -2*m + 4*m - 214 = 0. List the prime factors